104
In base 5, what is 1024 - -1?
1030
In base 16, what is 16 - 7?
f
In base 6, what is 442 + 3?
445
In base 8, what is 506 - 5?
501
In base 8, what is -4752 - -3?
-4747
In base 8, what is -10 + -137?
-147
In base 10, what is -370 - -12?
-358
In base 5, what is 1404 - -4?
1413
In base 15, what is -7ac + 3?
-7a9
In base 5, what is 103 + -242?
-134
In base 8, what is -2 + 375?
373
In base 15, what is 19 - 386?
-36c
In base 8, what is 50 + 10?
60
In base 2, what is -1 - -101101001?
101101000
In base 6, what is -211 - 33?
-244
In base 11, what is -2142 - -5?
-2138
In base 7, what is -1 - -3?
2
In base 9, what is -20 + 3?
-16
In base 9, what is -33 + 10?
-23
In base 5, what is 1000 - -1?
1001
In base 7, what is 2 - 252?
-250
In base 9, what is 2 + -55?
-53
In base 15, what is -2 + -4e?
-51
In base 4, what is 10 + -122?
-112
In base 10, what is -5 - -78?
73
In base 2, what is 10100110 - 111?
10011111
In base 12, what is -10 - 139?
-149
In base 10, what is 4 + -48?
-44
In base 12, what is -90b3 + 2?
-90b1
In base 4, what is 10 - 22?
-12
In base 9, what is 34 + 88?
133
In base 12, what is -183 + 6?
-179
In base 7, what is 1 - -224?
225
In base 2, what is 1111111 - -1010?
10001001
In base 5, what is 210 + 4?
214
In base 12, what is -33 - 1?
-34
In base 6, what is 0 + 3440?
3440
In base 9, what is 4 - 22?
-17
In base 8, what is 6334 - 3?
6331
In base 16, what is -7 - 36?
-3d
In base 3, what is 11 - -2?
20
In base 9, what is 7 + 7?
15
In base 12, what is -1 - -1?
0
In base 7, what is -20561 + 1?
-20560
In base 3, what is -111 + -2?
-120
In base 13, what is 1b6 + 4?
1ba
In base 14, what is 327 - 4?
323
In base 15, what is -5b07 - -3?
-5b04
In base 16, what is 2 - 69d?
-69b
In base 2, what is -10 + -100101?
-100111
In base 3, what is -1021121 - -11?
-1021110
In base 7, what is 3 + 1631?
1634
In base 2, what is -1111001 + -11?
-1111100
In base 16, what is -14 + 3?
-11
In base 12, what is -143 - 6?
-149
In base 2, what is -101 - -1000?
11
In base 7, what is -144660 - 0?
-144660
In base 3, what is -101 - -110?
2
In base 10, what is 26 - -4?
30
In base 16, what is -1 + -645?
-646
In base 5, what is -1003 + -23?
-1031
In base 8, what is 7 - 46?
-37
In base 12, what is 288 - -19?
2a5
In base 6, what is -30 - -40?
10
In base 7, what is -5 - -1410?
1402
In base 8, what is 224 + -142?
62
In base 9, what is -7 - 3186?
-3204
In base 3, what is 222 + 1101?
2100
In base 15, what is 2a - -2?
2c
In base 3, what is 1122220 + 11?
1200001
In base 14, what is 5 - 25?
-20
In base 7, what is 2143 + -3?
2140
In base 5, what is 31 + 134?
220
In base 7, what is 126 - 102?
24
In base 16, what is -1d - 1?
-1e
In base 4, what is 222 + -3?
213
In base 16, what is -a77 - 2?
-a79
In base 12, what is -1738 + -5?
-1741
In base 16, what is -2 - 82c?
-82e
In base 10, what is 456 + -8?
448
In base 16, what is 2 - -20?
22
In base 2, what is 100111 - -111?
101110
In base 16, what is 8 - 306?
-2fe
In base 10, what is 46 + 5?
51
In base 3, what is 12 - 21012?
-21000
In base 10, what is -5 - 1161?
-1166
In base 14, what is 116 + -1?
115
In base 4, what is 13111 + 13?
13130
In base 5, what is 0 + 2023?
2023
In base 10, what is 15 + 2?
17
In base 2, what is 11 + -111000?
-110101
In base 4, what is -330 + -1?
-331
In base 9, what is -3 - -154?
151
In base 9, what is -820 + 5?
-814
In base 4, what is 11 + -1032?
-1021
In base 12, what is 361 - a?
353
In base 2, what is -10 - 1001101?
-1001111
In base 8, what is 15 - 15?
0
In base 8, what is -1655 + -3?
-1660
In base 13, what is -13 + -3?
-16
In base 11, what is -5 + -704?
-709
In base 6, what is -12 - -35?
23
In base 4, what is -1 - 311?
-312
In base 11, what is -3 + -2a?
-32
In base 14, what is -21 - 1?
-22
In base 5, what is 130303 + -10?
130243
In base 13, what is 19 - 0?
19
In base 13, what is -c - 30?
-3c
In base 13, what is 3 + 358?
35b
In base 3, what is 10020 + 102?
10122
In base 15, what is 3 + 4?
7
In base 14, what is -1 - -2?
1
In base 2, what is 1101 - -111?
10100
In base 5, what is 432020 - -4?
432024
In base 10, what is 3 + -45?
-42
In base 10, what is 610 + -5?
605
In base 2, what is 1111 - -101111?
111110
In base 4, what is -2 + 33?
31
In base 9, what is -31 + 313?
272
In base 12, what is 1 - -1765?
1766
In base 4, what is 2030 - -11?
2101
In base 6, what is 32143 + -3?
32140
In base 4, what is -3 - -11003?
11000
In base 11, what is 0 + 924?
924
In base 14, what is 1194 + -4?
1190
In base 15, what is 3 - 11?
-d
In base 4, what is -1321 + -11?
-1332
In base 9, what is 4 + -4?
0
In base 12, what is 2 + -a49?
-a47
In base 6, what is 4 - -5?
13
In base 6, what is 2302 - 4?
2254
In base 11, what is 13 + -3?
10
In base 10, what is 15 - 7?
8
In base 7, what is 3 + -66?
-63
In base 2, what is -10 + -1001111?
-1010001
In base 16, what is 0 + -18?
-18
In base 10, what is 3 + -331?
-328
In base 4, what is 1231221 + -10?
1231211
In base 13, what is 2c - -214?
243
In base 15, what is 1e0 - 5?
1da
In base 3, what is 10200102 + -12?
10200020
In base 5, what is 40 - 21?
14
In base 5, what is 1121 - 4?
1112
In base 8, what is -107 - 2?
-111
In base 6, what is -10544 + -22?
-11010
In base 2, what is -1011 - -11000011?
10111000
In base 2, what is -11110100011 - -111?
-11110011100
In base 7, what is 113 - -5?
121
In base 8, what is 1 + -1221?
-1220
In base 12, what is -2427 - -2?
-2425
In base 8, what is 36 + 42?
100
In base 9, what is -4 + 51?
46
In base 2, what is 11 + 101100?
101111
In base 12, what is 2 - -26?
28
In base 16, what is 1 + e1?
e2
In base 12, what is 5 + ba?
103
In base 16, what is 129b - -4?
129f
In base 4, what is 0 + -23000?
-23000
In base 7, what is -54 - 10?
-64
In base 4, what is 303122 - 0?
303122
In base 10, what is -3 - -1487?
1484
In base 15, what is 12 + -20?
-d
In base 5, what is -2 - 12323?
-12330
In base 8, what is 12 - 5?
5
In base 13, what is 5 - 191?
-189
In base 9, what is 36 + 13?
50
In base 7, what is 23 + 24?
50
In base 8, what is -4 + 551?
545
In base 15, what is -95 + 7?
-8d
In base 4, what is -12312233 + 11?
-12312222
In base 9, what is 11 + 4048?
4060
In base 2, what is -100001 - -100010011?
11110010
In base 16, what is -13 - -46?
33
In base 8, what is 2 - 2136?
-2134
In base 3, what is 0 - -21022?
21022
In base 15, what is 1d6 + -20?
1b6
In base 9, what is 4 - 42?
-37
In base 13, what is 47 + 305?
34c
In base 6, what is 3 - 130?
-123
In base 6, what is -120021 + 0?
-120021
In base 4, what is 130221 - 11?
130210
In base 6, what is 25 + 30?
55
In base 12, what is 1 - -94?
95
In base 5, what is -3 - -121?
113
In base 10, what is -3 - 1268?
-1271
In base 3, what is 1022 + 2?
1101
In base 8, what is -62 + -4?
-66
In base 16, what is 3 + -4c?
-49
In base 3, what is -2011 + 120?
-1121
In base 6, what is -110 - -251?
141
In base 5, what is -130 + 10?
-120
In base 5, what is 332 - 1?
331
In base 12, what is -2 - 39?
-3b
In base 16, what is 2 - -a3?
a5
In base 13, what is -4 + -450?
-454
In base 7, what is 65105 + -3?
65102
In base 16, what is -79 - -3?
-76
In base 12, what is 1567 - -b?
1576
In base 2, what is 1001 + -1101000000?
-1100110111
In base 5, what is 2 + 1241?
1243
In base 4, what is -10 - 1322?
-1332
In base 6, what is -3 - 243?
-250
In base 10, what is 156 - 15?
141
In base 12, what is 1 - -60?
61
In base 2, what is -10 + 10011001001?
10011000111
In base 13, what is 1052 - 0?
1052
In base 4, what is -3 - -113?
110
In base 12, what is 18 - 13?
5
In base 2, what is 111111010000000 - -101?
111111010000101
In base 2, what is -10 + 11010100?
11010010
In base 9, what is 4 - -565?
570
In base 13, what is -18 + -10a?
-125
In base 11, what is -17 + 16?
-1
In base 16, what is 8 - 22?
-1a
In base 5, what is -112 - 3?
-120
In base 2, what is -100 - -10010011000?
10010010100
In base 2, what is -110 - -10001110?
10001000
In base 10, what is -4147 + -5?
-4152
In base 15, what is a + -a5?
-9a
In base 16, what is -2 - -ffd?
ffb
In base 2, what is 0 - 100011?
-100011
In base 12, what is -3 + 259?
256
In base 8, what is 714 - 21?
673
In base 13, what is -4 - 472?
-476
In base 2, what is 10101101 - -101101?
11011010
In base 4, what is 1 + 100210?
100211
In base 10, what is -1 - 601?
-602
In base 2, what is 1110111111 - 10101?
1110101010
In base 8, what is -15 - 22?
-37
In base 7, what is 63 + -23?
40
In base 15, what is -4